{"id":57298,"date":"2015-07-03T12:52:49","date_gmt":"2015-07-03T10:52:49","guid":{"rendered":"http:\/\/fdb.fjon.de\/?page_id=57298"},"modified":"2017-11-07T07:19:36","modified_gmt":"2017-11-07T06:19:36","slug":"cn-china","status":"publish","type":"page","link":"http:\/\/fdb.fjon.de\/?page_id=57298","title":{"rendered":"China [CN]"},"content":{"rendered":"<p><br \/>\n<div id=\"ccchildpages-1\" class=\"ccchildpages twocol simple ccclearfix\"><div class=\"ccchildpage  ccfirst ccodd ccpage-count-1 ccpage-id-13068 ccpage-inhaltsverzeichnis ccpage-has-parent ccpage-pid-8653 ccpage-parent-indiziert\"><h3 class=\"ccpage_linked_title\"><a class=\"ccpage_title_link\" href=\"http:\/\/fdb.fjon.de\/?page_id=13068\" title=\"Filme\">Filme<\/a><\/h3><\/div><div class=\"ccchildpage  cclast cceven ccpage-count-2 ccpage-id-9678 ccpage-indizierte-filme ccpage-has-parent ccpage-pid-8653 ccpage-parent-indiziert\"><h3 class=\"ccpage_linked_title\"><a class=\"ccpage_title_link\" href=\"http:\/\/fdb.fjon.de\/?page_id=9678\" title=\"Index\">Index<\/a><\/h3><\/div><div class=\"ccchildpage  ccfirst ccodd ccpage-count-3 ccpage-id-13083 ccpage-sitemap ccpage-has-parent ccpage-pid-8653 ccpage-parent-indiziert\"><h3 class=\"ccpage_linked_title\"><a class=\"ccpage_title_link\" href=\"http:\/\/fdb.fjon.de\/?page_id=13083\" title=\"Sitemaps\">Sitemaps<\/a><\/h3><\/div><\/div><br \/>\n<div id=\"ccchildpages-2\" class=\"ccchildpages twocol ccblue ccclearfix\"><div class=\"ccchildpage  ccfirst ccodd ccpage-count-1 ccpage-id-77192 ccpage-a-z ccpage-has-parent ccpage-pid-13068 ccpage-parent-inhaltsverzeichnis\"><h3 class=\"ccpage_linked_title\"><a class=\"ccpage_title_link\" href=\"http:\/\/fdb.fjon.de\/?page_id=77192\" title=\"A-Z\">A-Z<\/a><\/h3><\/div><div class=\"ccchildpage  cclast cceven ccpage-count-2 ccpage-id-1168 ccpage-covergalerie ccpage-has-parent ccpage-pid-13068 ccpage-parent-inhaltsverzeichnis\"><h3 class=\"ccpage_linked_title\"><a class=\"ccpage_title_link\" href=\"http:\/\/fdb.fjon.de\/?page_id=1168\" title=\"Cover\">Cover<\/a><\/h3><\/div><div class=\"ccchildpage  ccfirst ccodd ccpage-count-3 ccpage-id-47010 ccpage-freigaben ccpage-has-parent ccpage-pid-13068 ccpage-parent-inhaltsverzeichnis\"><h3 class=\"ccpage_linked_title\"><a class=\"ccpage_title_link\" href=\"http:\/\/fdb.fjon.de\/?page_id=47010\" title=\"Freigaben\">Freigaben<\/a><\/h3><\/div><div class=\"ccchildpage  cclast cceven ccpage-count-4 ccpage-id-44243 ccpage-genres ccpage-has-parent ccpage-pid-13068 ccpage-parent-inhaltsverzeichnis\"><h3 class=\"ccpage_linked_title\"><a class=\"ccpage_title_link\" href=\"http:\/\/fdb.fjon.de\/?page_id=44243\" title=\"Genre\">Genre<\/a><\/h3><\/div><div class=\"ccchildpage  ccfirst ccodd ccpage-count-5 ccpage-id-51745 ccpage-laender ccpage-has-parent ccpage-pid-13068 ccpage-parent-inhaltsverzeichnis\"><h3 class=\"ccpage_linked_title\"><a class=\"ccpage_title_link\" href=\"http:\/\/fdb.fjon.de\/?page_id=51745\" title=\"L\u00e4nder\">L\u00e4nder<\/a><\/h3><\/div><div class=\"ccchildpage  cclast cceven ccpage-count-6 ccpage-id-44815 ccpage-merkmale ccpage-has-parent ccpage-pid-13068 ccpage-parent-inhaltsverzeichnis\"><h3 class=\"ccpage_linked_title\"><a class=\"ccpage_title_link\" href=\"http:\/\/fdb.fjon.de\/?page_id=44815\" title=\"Merkmale\">Merkmale<\/a><\/h3><\/div><div class=\"ccchildpage  ccfirst ccodd ccpage-count-7 ccpage-id-85999 ccpage-queer-special ccpage-has-parent ccpage-pid-13068 ccpage-parent-inhaltsverzeichnis\"><h3 class=\"ccpage_linked_title\"><a class=\"ccpage_title_link\" href=\"http:\/\/fdb.fjon.de\/?page_id=85999\" title=\"QUEER Special\">QUEER Special<\/a><\/h3><\/div><div class=\"ccchildpage  cclast cceven ccpage-count-8 ccpage-id-59900 ccpage-top-listen ccpage-has-parent ccpage-pid-13068 ccpage-parent-inhaltsverzeichnis\"><h3 class=\"ccpage_linked_title\"><a class=\"ccpage_title_link\" href=\"http:\/\/fdb.fjon.de\/?page_id=59900\" title=\"Top-Listen\">Top-Listen<\/a><\/h3><\/div><\/div><\/p>\n<hr style=\"height: 3px; width: 100%; background-color: #eb4747;\" \/>\n&nbsp;<br \/>\n<div id=\"ccchildpages-3\" class=\"ccchildpages twocol ccred ccclearfix\"><ul class=\"ccchildpages_list ccclearfix\"><li class=\"page_item page-item-58259\"><a href=\"http:\/\/fdb.fjon.de\/?page_id=58259\">Argentinien [AR]<\/a><\/li>\n<li class=\"page_item page-item-51848\"><a href=\"http:\/\/fdb.fjon.de\/?page_id=51848\">Australien [AU]<\/a><\/li>\n<li class=\"page_item page-item-74511\"><a href=\"http:\/\/fdb.fjon.de\/?page_id=74511\">Bahamas [BS]<\/a><\/li>\n<li class=\"page_item page-item-51836\"><a href=\"http:\/\/fdb.fjon.de\/?page_id=51836\">Belgien [BE]<\/a><\/li>\n<li class=\"page_item page-item-53792\"><a href=\"http:\/\/fdb.fjon.de\/?page_id=53792\">Brasilien [BR]<\/a><\/li>\n<li class=\"page_item page-item-52905\"><a href=\"http:\/\/fdb.fjon.de\/?page_id=52905\">Bulgarien [BG]<\/a><\/li>\n<li class=\"page_item page-item-52137\"><a href=\"http:\/\/fdb.fjon.de\/?page_id=52137\">Chile [CL]<\/a><\/li>\n<li class=\"page_item page-item-57298\"><a href=\"http:\/\/fdb.fjon.de\/?page_id=57298\">China [CN]<\/a><\/li>\n<li class=\"page_item page-item-52413\"><a href=\"http:\/\/fdb.fjon.de\/?page_id=52413\">D\u00e4nemark [DK]<\/a><\/li>\n<li class=\"page_item page-item-52428\"><a href=\"http:\/\/fdb.fjon.de\/?page_id=52428\">DDR [DD]<\/a><\/li>\n<li class=\"page_item page-item-51762\"><a href=\"http:\/\/fdb.fjon.de\/?page_id=51762\">Deutschland [DE]<\/a><\/li>\n<li class=\"page_item page-item-52919\"><a href=\"http:\/\/fdb.fjon.de\/?page_id=52919\">Finnland [FI]<\/a><\/li>\n<li class=\"page_item page-item-51923\"><a href=\"http:\/\/fdb.fjon.de\/?page_id=51923\">Frankreich [FR]<\/a><\/li>\n<li class=\"page_item page-item-80290\"><a href=\"http:\/\/fdb.fjon.de\/?page_id=80290\">Georgien [GE]<\/a><\/li>\n<li class=\"page_item page-item-51747\"><a href=\"http:\/\/fdb.fjon.de\/?page_id=51747\">Griechenland [GR]<\/a><\/li>\n<li class=\"page_item page-item-51893\"><a href=\"http:\/\/fdb.fjon.de\/?page_id=51893\">Gro\u00dfbritannien [GB]<\/a><\/li>\n<li class=\"page_item page-item-51977\"><a href=\"http:\/\/fdb.fjon.de\/?page_id=51977\">Hong Kong [HK]<\/a><\/li>\n<li class=\"page_item page-item-58758\"><a href=\"http:\/\/fdb.fjon.de\/?page_id=58758\">Indien [IN]<\/a><\/li>\n<li class=\"page_item page-item-52350\"><a href=\"http:\/\/fdb.fjon.de\/?page_id=52350\">Indonesien [ID]<\/a><\/li>\n<li class=\"page_item page-item-58300\"><a href=\"http:\/\/fdb.fjon.de\/?page_id=58300\">Irland [IE]<\/a><\/li>\n<li class=\"page_item page-item-52331\"><a href=\"http:\/\/fdb.fjon.de\/?page_id=52331\">Israel [IL]<\/a><\/li>\n<li class=\"page_item page-item-51860\"><a href=\"http:\/\/fdb.fjon.de\/?page_id=51860\">Italien [IT]<\/a><\/li>\n<li class=\"page_item page-item-51883\"><a href=\"http:\/\/fdb.fjon.de\/?page_id=51883\">Japan [JP]<\/a><\/li>\n<li class=\"page_item page-item-76828\"><a href=\"http:\/\/fdb.fjon.de\/?page_id=76828\">Jugoslawien [YU]<\/a><\/li>\n<li class=\"page_item page-item-51845\"><a href=\"http:\/\/fdb.fjon.de\/?page_id=51845\">Kanada [CA]<\/a><\/li>\n<li class=\"page_item page-item-72309\"><a href=\"http:\/\/fdb.fjon.de\/?page_id=72309\">Kasachstan [KZ]<\/a><\/li>\n<li class=\"page_item page-item-123748\"><a href=\"http:\/\/fdb.fjon.de\/?page_id=123748\">Kolumbien [CO]<\/a><\/li>\n<li class=\"page_item page-item-79903\"><a href=\"http:\/\/fdb.fjon.de\/?page_id=79903\">Laos [LA]<\/a><\/li>\n<li class=\"page_item page-item-79658\"><a href=\"http:\/\/fdb.fjon.de\/?page_id=79658\">Litauen [LT]<\/a><\/li>\n<li class=\"page_item page-item-76820\"><a href=\"http:\/\/fdb.fjon.de\/?page_id=76820\">Luxemburg [LU]<\/a><\/li>\n<li class=\"page_item page-item-58546\"><a href=\"http:\/\/fdb.fjon.de\/?page_id=58546\">Malaysia [MY]<\/a><\/li>\n<li class=\"page_item page-item-54278\"><a href=\"http:\/\/fdb.fjon.de\/?page_id=54278\">Marokko [MA]<\/a><\/li>\n<li class=\"page_item page-item-53776\"><a href=\"http:\/\/fdb.fjon.de\/?page_id=53776\">Mexiko [MX]<\/a><\/li>\n<li class=\"page_item page-item-52180\"><a href=\"http:\/\/fdb.fjon.de\/?page_id=52180\">Neuseeland [NZ]<\/a><\/li>\n<li class=\"page_item page-item-54229\"><a href=\"http:\/\/fdb.fjon.de\/?page_id=54229\">Niederlande [NL]<\/a><\/li>\n<li class=\"page_item page-item-52891\"><a href=\"http:\/\/fdb.fjon.de\/?page_id=52891\">Norwegen [NO]<\/a><\/li>\n<li class=\"page_item page-item-53675\"><a href=\"http:\/\/fdb.fjon.de\/?page_id=53675\">\u00d6sterreich [AT]<\/a><\/li>\n<li class=\"page_item page-item-68127\"><a href=\"http:\/\/fdb.fjon.de\/?page_id=68127\">Pal\u00e4stina [PS]<\/a><\/li>\n<li class=\"page_item page-item-128936\"><a href=\"http:\/\/fdb.fjon.de\/?page_id=128936\">Paraguay [PY]<\/a><\/li>\n<li class=\"page_item page-item-59293\"><a href=\"http:\/\/fdb.fjon.de\/?page_id=59293\">Philippinen [PH]<\/a><\/li>\n<li class=\"page_item page-item-67340\"><a href=\"http:\/\/fdb.fjon.de\/?page_id=67340\">Polen [PL]<\/a><\/li>\n<li class=\"page_item page-item-76826\"><a href=\"http:\/\/fdb.fjon.de\/?page_id=76826\">Puerto Rico [PR]<\/a><\/li>\n<li class=\"page_item page-item-80779\"><a href=\"http:\/\/fdb.fjon.de\/?page_id=80779\">Rum\u00e4nien [RO]<\/a><\/li>\n<li class=\"page_item page-item-53891\"><a href=\"http:\/\/fdb.fjon.de\/?page_id=53891\">Russland [RU]<\/a><\/li>\n<li class=\"page_item page-item-52278\"><a href=\"http:\/\/fdb.fjon.de\/?page_id=52278\">Schweden [SE]<\/a><\/li>\n<li class=\"page_item page-item-52518\"><a href=\"http:\/\/fdb.fjon.de\/?page_id=52518\">Schweiz [CH]<\/a><\/li>\n<li class=\"page_item page-item-54401\"><a href=\"http:\/\/fdb.fjon.de\/?page_id=54401\">Serbien [RS]<\/a><\/li>\n<li class=\"page_item page-item-58491\"><a href=\"http:\/\/fdb.fjon.de\/?page_id=58491\">Singapur [SG]<\/a><\/li>\n<li class=\"page_item page-item-52391\"><a href=\"http:\/\/fdb.fjon.de\/?page_id=52391\">Spanien [ES]<\/a><\/li>\n<li class=\"page_item page-item-52244\"><a href=\"http:\/\/fdb.fjon.de\/?page_id=52244\">S\u00fcdafrika [ZA]<\/a><\/li>\n<li class=\"page_item page-item-52224\"><a href=\"http:\/\/fdb.fjon.de\/?page_id=52224\">S\u00fcdkorea [KR]<\/a><\/li>\n<li class=\"page_item page-item-57777\"><a href=\"http:\/\/fdb.fjon.de\/?page_id=57777\">Taiwan [TW]<\/a><\/li>\n<li class=\"page_item page-item-57977\"><a href=\"http:\/\/fdb.fjon.de\/?page_id=57977\">Thailand [TH]<\/a><\/li>\n<li class=\"page_item page-item-54110\"><a href=\"http:\/\/fdb.fjon.de\/?page_id=54110\">Tschechien [CZ]<\/a><\/li>\n<li class=\"page_item page-item-73512\"><a href=\"http:\/\/fdb.fjon.de\/?page_id=73512\">T\u00fcrkei [TR]<\/a><\/li>\n<li class=\"page_item page-item-61279\"><a href=\"http:\/\/fdb.fjon.de\/?page_id=61279\">Ungarn [HU]<\/a><\/li>\n<li class=\"page_item page-item-51756\"><a href=\"http:\/\/fdb.fjon.de\/?page_id=51756\">USA [US]<\/a><\/li>\n<li class=\"page_item page-item-81087\"><a href=\"http:\/\/fdb.fjon.de\/?page_id=81087\">Venezuela [VE]<\/a><\/li>\n<li class=\"page_item page-item-123712\"><a href=\"http:\/\/fdb.fjon.de\/?page_id=123712\">Vereinigte Arabische Emirate [AE]<\/a><\/li>\n<li class=\"page_item page-item-123750\"><a href=\"http:\/\/fdb.fjon.de\/?page_id=123750\">Vietnam [VN]<\/a><\/li><\/ul><\/div><\/p>\n<hr style=\"height: 3px; width: 100%; background-color: #eb4747;\" \/>\n<table style=\"border-color: #e6e6e6; width: 100%; background-color: #e6e6e6;\">\n<tbody>\n<tr>\n<td style=\"width: 40%; border-color: #e6e6e6; height: 10px; vertical-align: top; background-color: #e6e6e6;\"><\/td>\n<td style=\"width: 60%; border-color: #e6e6e6; height: 10px; vertical-align: top; background-color: #e6e6e6;\"><\/td>\n<\/tr>\n<tr>\n<td style=\"width: 40%; border-color: #e6e6e6; vertical-align: top; background-color: #e6e6e6;\"><img loading=\"lazy\" decoding=\"async\" class=\"alignnone wp-image-57293\" src=\"http:\/\/fdb.fjon.de\/wp-content\/uploads\/2015\/04\/flagge-china.gif\" alt=\"flagge-china\" width=\"300\" height=\"200\" \/><\/td>\n<td style=\"width: 60%; border-color: #e6e6e6; vertical-align: top; background-color: #e6e6e6;\"><span style=\"font-size: 18pt; color: #333333;\"><b><span lang=\"zh-Hans\">\u4e2d\u534e\u4eba\u6c11\u5171\u548c\u56fd<\/span><\/b><\/span><br \/>\n<span style=\"font-size: 18pt; color: #333333;\"><b>Zh\u014dnghu\u00e1 R\u00e9nm\u00edn G\u00f2ngh\u00e9gu\u00f3<\/b><\/span><br \/>\n<span style=\"font-size: 18pt; color: #333333;\"><b>Volksrepublik China<\/b><\/span><\/td>\n<\/tr>\n<tr>\n<td style=\"width: 40%; border-color: #e6e6e6; vertical-align: top; background-color: #e6e6e6;\"><\/td>\n<td style=\"width: 60%; border-color: #e6e6e6; vertical-align: top; background-color: #e6e6e6;\"><\/td>\n<\/tr>\n<\/tbody>\n<\/table>\n<hr style=\"height: 3px; width: 100%; background-color: #eb4747;\" \/>\n&nbsp;<br \/>\n<strong><span style=\"font-size: 12pt;\"><ul class=\"lcp_catlist\" id=\"lcp_instance_0\"><li><a href=\"http:\/\/fdb.fjon.de\/?p=1266\">14 Blades (Jin yi wei) (2010) &#8211; [UNCUT]<\/a><\/li><li><a href=\"http:\/\/fdb.fjon.de\/?p=136281\">Adventurers, The (2017)<\/a><\/li><li><a href=\"http:\/\/fdb.fjon.de\/?p=126095\">Beyond Skyline (2016) &#8211; [UNCUT]<\/a><\/li><li><a href=\"http:\/\/fdb.fjon.de\/?p=128598\">Beyond Skyline [BD] (2016) &#8211; [LIMITED STEELBOOK EDITION] &#8211; [UNCUT]<\/a><\/li><li><a href=\"http:\/\/fdb.fjon.de\/?p=128282\">Bleeding Steel (Ji Qi Zhi Xue) (2017) &#8211; [UNCUT]<\/a><\/li><li><a href=\"http:\/\/fdb.fjon.de\/?p=88430\">Butcher, the Chef and the Swordsman, The (Dao ji\u00e0n xi\u00e0o) (2010) &#8211; [UNCUT]<\/a><\/li><li><a href=\"http:\/\/fdb.fjon.de\/?p=126266\">Butcher, the Chef and the Swordsman, The (Dao ji\u00e0n xi\u00e0o) [BD] (2010) &#8211; [UNCUT]<\/a><\/li><li><a href=\"http:\/\/fdb.fjon.de\/?p=153\">Chinese Ghost Story, A &#8211; Die D\u00e4monenkrieger (2011)<\/a><\/li><li><a href=\"http:\/\/fdb.fjon.de\/?p=80344\">Chroniken des Geistertempels, Die (Jiu Ceng Yao Ta) (2015)<\/a><\/li><li><a href=\"http:\/\/fdb.fjon.de\/?p=4157\">Connected (Bo chi tung wah) (2008) &#8211; [UNCUT]<\/a><\/li><li><a href=\"http:\/\/fdb.fjon.de\/?p=128224\">Connected (Bo chi tung wah) [BD] (2008) &#8211; [SPECIAL 2 DISC EDITION] [UNCUT]<\/a><\/li><li><a href=\"http:\/\/fdb.fjon.de\/?p=70464\">Crouching Tiger, Hidden Dragon: Sword of Destiny (Tiger &#038; Dragon II) (2016) &#8211; [UNCUT]<\/a><\/li><li><a href=\"http:\/\/fdb.fjon.de\/?p=4241\">Detective Dee und das Geheimnis der Phantomflammen (2010)<\/a><\/li><li><a href=\"http:\/\/fdb.fjon.de\/?p=24422\">Detective Dee und der Fluch des Seeungeheuers (Di Renjie: Shen du long wang) (2013)<\/a><\/li><li><a href=\"http:\/\/fdb.fjon.de\/?p=137801\">Detective Dee und die Legende der vier himmlischen K\u00f6nige [BD] (Di Ren Jie Zhi Si Da Tian Wang) (2018)<\/a><\/li><li><a href=\"http:\/\/fdb.fjon.de\/?p=67980\">Dragon Blade (Tian Jiang Xiong Shi) (2015) &#8211; [UNCUT]<\/a><\/li><li><a href=\"http:\/\/fdb.fjon.de\/?p=68247\">Final Fight &#8211; Born to Defense (Jung Wa Ying Hung) (1986) &#8211; [UNRATED]<\/a><\/li><li><a href=\"http:\/\/fdb.fjon.de\/?p=70491\">Flying Swords of Dragon Gate (Long men fei jia) [BD] (2011) &#8211; [ASIA-BOX &#8211; 3 FILME] &#8211; [UNCUT]<\/a><\/li><li><a href=\"http:\/\/fdb.fjon.de\/?p=946\">Forbidden Kingdom (2008) &#8211; [UNCUT]<\/a><\/li><li><a href=\"http:\/\/fdb.fjon.de\/?p=126744\">Foreigner, The (The Chinaman &#8211; Ying Lun Dui Jue) (2017) &#8211; [UNCUT]<\/a><\/li><li><a href=\"http:\/\/fdb.fjon.de\/?p=3545\">Four, The (2012)<\/a><\/li><li><a href=\"http:\/\/fdb.fjon.de\/?p=105\">Hero (2002)<\/a><\/li><li><a href=\"http:\/\/fdb.fjon.de\/?p=15043\">Hero (2002) &#8211; [UNCUT]<\/a><\/li><li><a href=\"http:\/\/fdb.fjon.de\/?p=1675\">Heroes of War &#8211; Assembly (2007)<\/a><\/li><li><a href=\"http:\/\/fdb.fjon.de\/?p=47718\">Herz aus Stahl (Fury) (2014) &#8211; [UNCUT]<\/a><\/li><li><a href=\"http:\/\/fdb.fjon.de\/?p=82075\">Herz aus Stahl (Fury) [BD] (2014) &#8211; [UNCUT]<\/a><\/li><li><a href=\"http:\/\/fdb.fjon.de\/?p=58488\">Hotel de Sade (2012) &#8211; [UNCUT]<\/a><\/li><li><a href=\"http:\/\/fdb.fjon.de\/?p=1438\">House of Flying Daggers (2004) &#8211; [UNCUT]<\/a><\/li><li><a href=\"http:\/\/fdb.fjon.de\/?p=5812\">Iron Man 3 (2013)<\/a><\/li><li><a href=\"http:\/\/fdb.fjon.de\/?p=4363\">Jet Li&#8217;s Fearless (2006) &#8211; [UNCUT]<\/a><\/li><li><a href=\"http:\/\/fdb.fjon.de\/?p=45679\">John Wick (2014) &#8211; [UNCUT]<\/a><\/li><li><a href=\"http:\/\/fdb.fjon.de\/?p=73580\">John Wick [BD] (2014) &#8211; [LIMITED STEELBOOK EDITION] &#8211; [UNCUT]<\/a><\/li><li><a href=\"http:\/\/fdb.fjon.de\/?p=56846\">Jurassic World (2015)<\/a><\/li><li><a href=\"http:\/\/fdb.fjon.de\/?p=81967\">Jurassic World [BD] (2015)<\/a><\/li><li><a href=\"http:\/\/fdb.fjon.de\/?p=14355\">Karate Kid (2010)<\/a><\/li><li><a href=\"http:\/\/fdb.fjon.de\/?p=81243\">Karate Kid [BD] (2010) [DOUBLE FEATURE | After Earth]<\/a><\/li><li><a href=\"http:\/\/fdb.fjon.de\/?p=1232\">Kinder der Seidenstra\u00dfe, Die (2008)<\/a><\/li><li><a href=\"http:\/\/fdb.fjon.de\/?p=73518\">Last Witch Hunter, The (2015)<\/a><\/li><li><a href=\"http:\/\/fdb.fjon.de\/?p=88216\">Last Witch Hunter, The [BD] (2015)<\/a><\/li><li><a href=\"http:\/\/fdb.fjon.de\/?p=2377\">Legende der wei\u00dfen Schlange, Die (Bai she chuan shuo) (2011) &#8211; [UNCUT]<\/a><\/li><li><a href=\"http:\/\/fdb.fjon.de\/?p=70489\">Legende der wei\u00dfen Schlange, Die (Bai she chuan shuo) [BD] (2011) &#8211; [ASIA-BOX &#8211; 3 FILME] &#8211; [UNCUT]<\/a><\/li><li><a href=\"http:\/\/fdb.fjon.de\/?p=4444\">Let the Bullets Fly &#8211; T\u00f6dliche Kugeln (2010)<\/a><\/li><li><a href=\"http:\/\/fdb.fjon.de\/?p=70804\">Lethal Warrior (Saat Po Long 2) (2015) &#8211; [UNCUT]<\/a><\/li><li><a href=\"http:\/\/fdb.fjon.de\/?p=64716\">Letzte Wolf, Der (Wolf Totem) (2015)<\/a><\/li><li><a href=\"http:\/\/fdb.fjon.de\/?p=51\">Looper (2012) &#8211; [UNCUT]<\/a><\/li><li><a href=\"http:\/\/fdb.fjon.de\/?p=131252\">Meg (2018) * C U T *<\/a><\/li><li><a href=\"http:\/\/fdb.fjon.de\/?p=5350\">Men Behind the Sun (Hei tai yang 731) (1988) &#8211; [CAT III] &#8211; [UNRATED]<\/a><\/li><li><a href=\"http:\/\/fdb.fjon.de\/?p=37969\">Men Behind the Sun (Hei tai yang 731) [DD] (1988) &#8211; [LIMITED CAT III HARTBOX EDITION] &#8211; [UNRATED]<\/a><\/li><li><a href=\"http:\/\/fdb.fjon.de\/?p=67354\">Mission: Impossible V &#8211; Rogue Nation (M:I-5) (2015)<\/a><\/li><li><a href=\"http:\/\/fdb.fjon.de\/?p=88149\">Mission: Impossible V &#8211; Rogue Nation (M:I-5) [BD] (2015)<\/a><\/li><li><a href=\"http:\/\/fdb.fjon.de\/?p=124728\">Mission: Impossible V &#8211; Rogue Nation (M:I-5) [BD] (2015) &#8211; [SPECIAL COMPLETE BOX EDITION] &#8211; [5 TEILE]<\/a><\/li><li><a href=\"http:\/\/fdb.fjon.de\/?p=130765\">Molly&#8217;s Game &#8211; Alles auf eine Karte (2017)<\/a><\/li><li><a href=\"http:\/\/fdb.fjon.de\/?p=82390\">Monster Hunt (Zhuo Yao Yi) (2015)<\/a><\/li><li><a href=\"http:\/\/fdb.fjon.de\/?p=88272\">Mumie, Die (The Mummy) (2017)<\/a><\/li><li><a href=\"http:\/\/fdb.fjon.de\/?p=128591\">Mumie, Die (The Mummy) [BD] (2017)<\/a><\/li><li><a href=\"http:\/\/fdb.fjon.de\/?p=4182\">Mythos, Der (2005) &#8211; [UNCUT]<\/a><\/li><li><a href=\"http:\/\/fdb.fjon.de\/?p=73506\">Out of Inferno (2013)<\/a><\/li><li><a href=\"http:\/\/fdb.fjon.de\/?p=9180\">Painted Skin &#8211; Die verfluchten Krieger (2008)<\/a><\/li><li><a href=\"http:\/\/fdb.fjon.de\/?p=131498\">Pawo (2016)<\/a><\/li><li><a href=\"http:\/\/fdb.fjon.de\/?p=70797\">Point Break (2015)<\/a><\/li><li><a href=\"http:\/\/fdb.fjon.de\/?p=82025\">Police Story: Back for Law (Jing Cha Gu Shi 2013) (2013) &#8211; [UNCUT]<\/a><\/li><li><a href=\"http:\/\/fdb.fjon.de\/?p=3797\">Red Cliff (2009) &#8211; [UNCUT]<\/a><\/li><li><a href=\"http:\/\/fdb.fjon.de\/?p=106604\">Seventh Son [BD] (2014)<\/a><\/li><li><a href=\"http:\/\/fdb.fjon.de\/?p=4291\">Shaolin (2011) &#8211; [UNCUT]<\/a><\/li><li><a href=\"http:\/\/fdb.fjon.de\/?p=106623\">Skiptrace [BD] (2016)<\/a><\/li><li><a href=\"http:\/\/fdb.fjon.de\/?p=1529\">Tiger &#038; Dragon (2000)<\/a><\/li><li><a href=\"http:\/\/fdb.fjon.de\/?p=32197\">Transformers 4: \u00c4ra des Untergangs (Age of Extinction) (2014)<\/a><\/li><li><a href=\"http:\/\/fdb.fjon.de\/?p=107263\">Transformers 4: \u00c4ra des Untergangs (Age of Extinction) [BD] (2014)<\/a><\/li><li><a href=\"http:\/\/fdb.fjon.de\/?p=68181\">Transporter Refueled, The (2015)<\/a><\/li><li><a href=\"http:\/\/fdb.fjon.de\/?p=108336\">Transporter Refueled, The [BD] (2015) &#8211; [SPECIAL TRANSPORTER BOX EDITION] \u2013 [4 TEILE]<\/a><\/li><li><a href=\"http:\/\/fdb.fjon.de\/?p=123711\">Valerian &#8211; Die Stadt der tausend Planeten (2017)<\/a><\/li><li><a href=\"http:\/\/fdb.fjon.de\/?p=125427\">Valerian &#8211; Die Stadt der tausend Planeten [BD] (2017) &#8211; [LIMITED STEELBOOK EDITION]<\/a><\/li><li><a href=\"http:\/\/fdb.fjon.de\/?p=79378\">Warcraft: The Beginning (2016)<\/a><\/li><li><a href=\"http:\/\/fdb.fjon.de\/?p=88246\">Warcraft: The Beginning [BD] (2016)<\/a><\/li><li><a href=\"http:\/\/fdb.fjon.de\/?p=25275\">Wind Blast &#8211; Der Hauch des Todes (Xi Feng Lie) (2010) &#8211; [UNCUT]<\/a><\/li><\/ul><\/span><\/strong><\/p>\n<hr style=\"height: 3px; width: 100%; background-color: #eb4747;\" \/>\n","protected":false},"excerpt":{"rendered":"<p>&nbsp; \u4e2d\u534e\u4eba\u6c11\u5171\u548c\u56fd Zh\u014dnghu\u00e1 R\u00e9nm\u00edn G\u00f2ngh\u00e9gu\u00f3 Volksrepublik China &nbsp;<\/p>\n","protected":false},"author":1,"featured_media":0,"parent":51745,"menu_order":0,"comment_status":"closed","ping_status":"closed","template":"","meta":{"footnotes":""},"_links":{"self":[{"href":"http:\/\/fdb.fjon.de\/index.php?rest_route=\/wp\/v2\/pages\/57298"}],"collection":[{"href":"http:\/\/fdb.fjon.de\/index.php?rest_route=\/wp\/v2\/pages"}],"about":[{"href":"http:\/\/fdb.fjon.de\/index.php?rest_route=\/wp\/v2\/types\/page"}],"author":[{"embeddable":true,"href":"http:\/\/fdb.fjon.de\/index.php?rest_route=\/wp\/v2\/users\/1"}],"replies":[{"embeddable":true,"href":"http:\/\/fdb.fjon.de\/index.php?rest_route=%2Fwp%2Fv2%2Fcomments&post=57298"}],"version-history":[{"count":0,"href":"http:\/\/fdb.fjon.de\/index.php?rest_route=\/wp\/v2\/pages\/57298\/revisions"}],"up":[{"embeddable":true,"href":"http:\/\/fdb.fjon.de\/index.php?rest_route=\/wp\/v2\/pages\/51745"}],"wp:attachment":[{"href":"http:\/\/fdb.fjon.de\/index.php?rest_route=%2Fwp%2Fv2%2Fmedia&parent=57298"}],"curies":[{"name":"wp","href":"https:\/\/api.w.org\/{rel}","templated":true}]}}