{"id":46224,"date":"2015-02-04T10:29:20","date_gmt":"2015-02-04T09:29:20","guid":{"rendered":"http:\/\/fdb.fjon.de\/?page_id=46224"},"modified":"2016-07-22T11:23:53","modified_gmt":"2016-07-22T09:23:53","slug":"46224-2","status":"publish","type":"page","link":"http:\/\/fdb.fjon.de\/?page_id=46224","title":{"rendered":"Amateur"},"content":{"rendered":"<p><br \/>\n<div id=\"ccchildpages-1\" class=\"ccchildpages twocol simple ccclearfix\"><div class=\"ccchildpage  ccfirst ccodd ccpage-count-1 ccpage-id-13068 ccpage-inhaltsverzeichnis ccpage-has-parent ccpage-pid-8653 ccpage-parent-indiziert\"><h3 class=\"ccpage_linked_title\"><a class=\"ccpage_title_link\" href=\"http:\/\/fdb.fjon.de\/?page_id=13068\" title=\"Filme\">Filme<\/a><\/h3><\/div><div class=\"ccchildpage  cclast cceven ccpage-count-2 ccpage-id-9678 ccpage-indizierte-filme ccpage-has-parent ccpage-pid-8653 ccpage-parent-indiziert\"><h3 class=\"ccpage_linked_title\"><a class=\"ccpage_title_link\" href=\"http:\/\/fdb.fjon.de\/?page_id=9678\" title=\"Index\">Index<\/a><\/h3><\/div><div class=\"ccchildpage  ccfirst ccodd ccpage-count-3 ccpage-id-13083 ccpage-sitemap ccpage-has-parent ccpage-pid-8653 ccpage-parent-indiziert\"><h3 class=\"ccpage_linked_title\"><a class=\"ccpage_title_link\" href=\"http:\/\/fdb.fjon.de\/?page_id=13083\" title=\"Sitemaps\">Sitemaps<\/a><\/h3><\/div><\/div><br \/>\n<div id=\"ccchildpages-2\" class=\"ccchildpages twocol ccblue ccclearfix\"><div class=\"ccchildpage  ccfirst ccodd ccpage-count-1 ccpage-id-77192 ccpage-a-z ccpage-has-parent ccpage-pid-13068 ccpage-parent-inhaltsverzeichnis\"><h3 class=\"ccpage_linked_title\"><a class=\"ccpage_title_link\" href=\"http:\/\/fdb.fjon.de\/?page_id=77192\" title=\"A-Z\">A-Z<\/a><\/h3><\/div><div class=\"ccchildpage  cclast cceven ccpage-count-2 ccpage-id-1168 ccpage-covergalerie ccpage-has-parent ccpage-pid-13068 ccpage-parent-inhaltsverzeichnis\"><h3 class=\"ccpage_linked_title\"><a class=\"ccpage_title_link\" href=\"http:\/\/fdb.fjon.de\/?page_id=1168\" title=\"Cover\">Cover<\/a><\/h3><\/div><div class=\"ccchildpage  ccfirst ccodd ccpage-count-3 ccpage-id-47010 ccpage-freigaben ccpage-has-parent ccpage-pid-13068 ccpage-parent-inhaltsverzeichnis\"><h3 class=\"ccpage_linked_title\"><a class=\"ccpage_title_link\" href=\"http:\/\/fdb.fjon.de\/?page_id=47010\" title=\"Freigaben\">Freigaben<\/a><\/h3><\/div><div class=\"ccchildpage  cclast cceven ccpage-count-4 ccpage-id-44243 ccpage-genres ccpage-has-parent ccpage-pid-13068 ccpage-parent-inhaltsverzeichnis\"><h3 class=\"ccpage_linked_title\"><a class=\"ccpage_title_link\" href=\"http:\/\/fdb.fjon.de\/?page_id=44243\" title=\"Genre\">Genre<\/a><\/h3><\/div><div class=\"ccchildpage  ccfirst ccodd ccpage-count-5 ccpage-id-51745 ccpage-laender ccpage-has-parent ccpage-pid-13068 ccpage-parent-inhaltsverzeichnis\"><h3 class=\"ccpage_linked_title\"><a class=\"ccpage_title_link\" href=\"http:\/\/fdb.fjon.de\/?page_id=51745\" title=\"L\u00e4nder\">L\u00e4nder<\/a><\/h3><\/div><div class=\"ccchildpage  cclast cceven ccpage-count-6 ccpage-id-44815 ccpage-merkmale ccpage-has-parent ccpage-pid-13068 ccpage-parent-inhaltsverzeichnis\"><h3 class=\"ccpage_linked_title\"><a class=\"ccpage_title_link\" href=\"http:\/\/fdb.fjon.de\/?page_id=44815\" title=\"Merkmale\">Merkmale<\/a><\/h3><\/div><div class=\"ccchildpage  ccfirst ccodd ccpage-count-7 ccpage-id-85999 ccpage-queer-special ccpage-has-parent ccpage-pid-13068 ccpage-parent-inhaltsverzeichnis\"><h3 class=\"ccpage_linked_title\"><a class=\"ccpage_title_link\" href=\"http:\/\/fdb.fjon.de\/?page_id=85999\" title=\"QUEER Special\">QUEER Special<\/a><\/h3><\/div><div class=\"ccchildpage  cclast cceven ccpage-count-8 ccpage-id-59900 ccpage-top-listen ccpage-has-parent ccpage-pid-13068 ccpage-parent-inhaltsverzeichnis\"><h3 class=\"ccpage_linked_title\"><a class=\"ccpage_title_link\" href=\"http:\/\/fdb.fjon.de\/?page_id=59900\" title=\"Top-Listen\">Top-Listen<\/a><\/h3><\/div><\/div><br \/>\n<div id=\"ccchildpages-3\" class=\"ccchildpages twocol ccred ccclearfix\"><ul class=\"ccchildpages_list ccclearfix\"><li class=\"page_item page-item-44245\"><a href=\"http:\/\/fdb.fjon.de\/?page_id=44245\">Abenteuer<\/a><\/li>\n<li class=\"page_item page-item-44261\"><a href=\"http:\/\/fdb.fjon.de\/?page_id=44261\">Action<\/a><\/li>\n<li class=\"page_item page-item-46224\"><a href=\"http:\/\/fdb.fjon.de\/?page_id=46224\">Amateur<\/a><\/li>\n<li class=\"page_item page-item-46883\"><a href=\"http:\/\/fdb.fjon.de\/?page_id=46883\">Animation<\/a><\/li>\n<li class=\"page_item page-item-46885\"><a href=\"http:\/\/fdb.fjon.de\/?page_id=46885\">Avantgarde<\/a><\/li>\n<li class=\"page_item page-item-46887\"><a href=\"http:\/\/fdb.fjon.de\/?page_id=46887\">Biografie<\/a><\/li>\n<li class=\"page_item page-item-44263\"><a href=\"http:\/\/fdb.fjon.de\/?page_id=44263\">Comedy<\/a><\/li>\n<li class=\"page_item page-item-46889\"><a href=\"http:\/\/fdb.fjon.de\/?page_id=46889\">Disney<\/a><\/li>\n<li class=\"page_item page-item-46254\"><a href=\"http:\/\/fdb.fjon.de\/?page_id=46254\">Doku<\/a><\/li>\n<li class=\"page_item page-item-46232\"><a href=\"http:\/\/fdb.fjon.de\/?page_id=46232\">Drama<\/a><\/li>\n<li class=\"page_item page-item-46894\"><a href=\"http:\/\/fdb.fjon.de\/?page_id=46894\">Eastern<\/a><\/li>\n<li class=\"page_item page-item-46256\"><a href=\"http:\/\/fdb.fjon.de\/?page_id=46256\">Erotik<\/a><\/li>\n<li class=\"page_item page-item-46896\"><a href=\"http:\/\/fdb.fjon.de\/?page_id=46896\">Experimental<\/a><\/li>\n<li class=\"page_item page-item-46234\"><a href=\"http:\/\/fdb.fjon.de\/?page_id=46234\">Exploitation<\/a><\/li>\n<li class=\"page_item page-item-46236\"><a href=\"http:\/\/fdb.fjon.de\/?page_id=46236\">Fantasy<\/a><\/li>\n<li class=\"page_item page-item-46239\"><a href=\"http:\/\/fdb.fjon.de\/?page_id=46239\">Folter<\/a><\/li>\n<li class=\"page_item page-item-46901\"><a href=\"http:\/\/fdb.fjon.de\/?page_id=46901\">Gore<\/a><\/li>\n<li class=\"page_item page-item-46903\"><a href=\"http:\/\/fdb.fjon.de\/?page_id=46903\">Grusel<\/a><\/li>\n<li class=\"page_item page-item-46241\"><a href=\"http:\/\/fdb.fjon.de\/?page_id=46241\">History<\/a><\/li>\n<li class=\"page_item page-item-44265\"><a href=\"http:\/\/fdb.fjon.de\/?page_id=44265\">Horror<\/a><\/li>\n<li class=\"page_item page-item-46259\"><a href=\"http:\/\/fdb.fjon.de\/?page_id=46259\">Kampfsport<\/a><\/li>\n<li class=\"page_item page-item-46243\"><a href=\"http:\/\/fdb.fjon.de\/?page_id=46243\">Katastrophe<\/a><\/li>\n<li class=\"page_item page-item-46245\"><a href=\"http:\/\/fdb.fjon.de\/?page_id=46245\">Kids \/ Familie<\/a><\/li>\n<li class=\"page_item page-item-46908\"><a href=\"http:\/\/fdb.fjon.de\/?page_id=46908\">Krieg<\/a><\/li>\n<li class=\"page_item page-item-46910\"><a href=\"http:\/\/fdb.fjon.de\/?page_id=46910\">Krimi<\/a><\/li>\n<li class=\"page_item page-item-46913\"><a href=\"http:\/\/fdb.fjon.de\/?page_id=46913\">Kurzfilm<\/a><\/li>\n<li class=\"page_item page-item-46261\"><a href=\"http:\/\/fdb.fjon.de\/?page_id=46261\">Liebe<\/a><\/li>\n<li class=\"page_item page-item-71717\"><a href=\"http:\/\/fdb.fjon.de\/?page_id=71717\">Martial-Arts<\/a><\/li>\n<li class=\"page_item page-item-46915\"><a href=\"http:\/\/fdb.fjon.de\/?page_id=46915\">Mondo<\/a><\/li>\n<li class=\"page_item page-item-46917\"><a href=\"http:\/\/fdb.fjon.de\/?page_id=46917\">Musik<\/a><\/li>\n<li class=\"page_item page-item-46248\"><a href=\"http:\/\/fdb.fjon.de\/?page_id=46248\">Mystery<\/a><\/li>\n<li class=\"page_item page-item-46250\"><a href=\"http:\/\/fdb.fjon.de\/?page_id=46250\">Nostalgie<\/a><\/li>\n<li class=\"page_item page-item-46252\"><a href=\"http:\/\/fdb.fjon.de\/?page_id=46252\">Queer<\/a><\/li>\n<li class=\"page_item page-item-46919\"><a href=\"http:\/\/fdb.fjon.de\/?page_id=46919\">Roadmovie<\/a><\/li>\n<li class=\"page_item page-item-44271\"><a href=\"http:\/\/fdb.fjon.de\/?page_id=44271\">Sci-Fi<\/a><\/li>\n<li class=\"page_item page-item-46922\"><a href=\"http:\/\/fdb.fjon.de\/?page_id=46922\">Sex<\/a><\/li>\n<li class=\"page_item page-item-46265\"><a href=\"http:\/\/fdb.fjon.de\/?page_id=46265\">Splatter<\/a><\/li>\n<li class=\"page_item page-item-46924\"><a href=\"http:\/\/fdb.fjon.de\/?page_id=46924\">Sport<\/a><\/li>\n<li class=\"page_item page-item-44273\"><a href=\"http:\/\/fdb.fjon.de\/?page_id=44273\">Thriller<\/a><\/li>\n<li class=\"page_item page-item-46927\"><a href=\"http:\/\/fdb.fjon.de\/?page_id=46927\">Tierfilm<\/a><\/li>\n<li class=\"page_item page-item-46929\"><a href=\"http:\/\/fdb.fjon.de\/?page_id=46929\">Torture<\/a><\/li>\n<li class=\"page_item page-item-46267\"><a href=\"http:\/\/fdb.fjon.de\/?page_id=46267\">Western<\/a><\/li><\/ul><\/div><\/p>\n<hr style=\"height: 3px; width: 100%; background-color: #eb4747;\" \/>\n&nbsp;<br \/>\n<strong><span style=\"font-size: 12pt;\"><ul class=\"lcp_catlist\" id=\"lcp_instance_0\"><li><a href=\"http:\/\/fdb.fjon.de\/?p=30357\">Abnormis (2010) &#8211; [UNRATED]<\/a><\/li><li><a href=\"http:\/\/fdb.fjon.de\/?p=47867\">Absolutio &#8211; Erl\u00f6sung im Blut (2014) &#8211; [UNRATED]<\/a><\/li><li><a href=\"http:\/\/fdb.fjon.de\/?p=38221\">Adam Chaplin (2011) &#8211; [UNRATED]<\/a><\/li><li><a href=\"http:\/\/fdb.fjon.de\/?p=74620\">Adam Chaplin [BD] (2011) &#8211; [LIMITED MEDIABOOK EDITION] &#8211; [UNRATED]<\/a><\/li><li><a href=\"http:\/\/fdb.fjon.de\/?p=74618\">Adam Chaplin [DD] (2011) &#8211; [LIMITED MEDIABOOK EDITION] &#8211; [UNRATED]<\/a><\/li><li><a href=\"http:\/\/fdb.fjon.de\/?p=70336\">American Guinea Pig: Bouquet of Guts and Gore (2015) &#8211; [UNRATED]<\/a><\/li><li><a href=\"http:\/\/fdb.fjon.de\/?p=82035\">American Guinea Pig: Bouquet of Guts and Gore [DD] (2015) &#8211; [LIMITED MEDIABOOK EDITION] &#8211; [UNRATED]<\/a><\/li><li><a href=\"http:\/\/fdb.fjon.de\/?p=82440\">Amerikan Holokaust [DD] (2013) &#8211; [UNRATED]<\/a><\/li><li><a href=\"http:\/\/fdb.fjon.de\/?p=62785\">Anthropophagous 2000 (1999) &#8211; [UNRATED]<\/a><\/li><li><a href=\"http:\/\/fdb.fjon.de\/?p=32562\">August Underground I (2001) &#8211; [US-TON] &#8211; [UNRATED]<\/a><\/li><li><a href=\"http:\/\/fdb.fjon.de\/?p=32558\">August Underground&#8217;s II &#8211; Mordum (2003) &#8211; [US-TON] &#8211; [UNRATED]<\/a><\/li><li><a href=\"http:\/\/fdb.fjon.de\/?p=32556\">August Underground&#8217;s III &#8211; Penance (2007) &#8211; [US-TON] &#8211; [UNRATED]<\/a><\/li><li><a href=\"http:\/\/fdb.fjon.de\/?p=17338\">Bela Kiss: Prologue (2012) &#8211; [UNCUT]<\/a><\/li><li><a href=\"http:\/\/fdb.fjon.de\/?p=80989\">Black Lava\u00b4s Trash Container [DD] (2002 &#8211; 2009) &#8211; [KURZFILME] &#8211; [UNRATED]<\/a><\/li><li><a href=\"http:\/\/fdb.fjon.de\/?p=48274\">Bob der Baggerf\u00fchrer (2013) &#8211; [UNCUT]<\/a><\/li><li><a href=\"http:\/\/fdb.fjon.de\/?p=4824\">Break (2009) &#8211; [UNRATED]<\/a><\/li><li><a href=\"http:\/\/fdb.fjon.de\/?p=30461\">Break [BD] (2009) &#8211; [UNRATED]<\/a><\/li><li><a href=\"http:\/\/fdb.fjon.de\/?p=74406\">Bunker of the Dead (2015) &#8211; [UNCUT]<\/a><\/li><li><a href=\"http:\/\/fdb.fjon.de\/?p=22279\">Burning Moon (1992) &#8211; [UNRATED]<\/a><\/li><li><a href=\"http:\/\/fdb.fjon.de\/?p=25649\">Butcher I, The [DD] (1991) &#8211; [LIMITED TRILOGIE BOX] &#8211; [SPECIAL EDITION] &#8211; [UNRATED]<\/a><\/li><li><a href=\"http:\/\/fdb.fjon.de\/?p=25655\">Butcher II, The [DD] (2004) &#8211; [LIMITED TRILOGIE BOX] &#8211; [SPECIAL EDITION] &#8211; [UNRATED]<\/a><\/li><li><a href=\"http:\/\/fdb.fjon.de\/?p=25658\">Butcher III, The &#8211; Zombies im Blutrausch [DD] (2005) &#8211; [LIMITED TRILOGIE BOX] &#8211; [SPECIAL EDITION] &#8211; [UNRATED]<\/a><\/li><li><a href=\"http:\/\/fdb.fjon.de\/?p=37995\">Camp Blood [DD] (2000) &#8211; [SPECIAL 2 DISK EDITION &#8211; TEILE 1+2] &#8211; [UNCUT]<\/a><\/li><li><a href=\"http:\/\/fdb.fjon.de\/?p=37992\">Cannibal &#8211; Aus dem Tagebuch des Kannibalen (Fleshlover) [DD] (2005) &#8211; [UNCUT]<\/a><\/li><li><a href=\"http:\/\/fdb.fjon.de\/?p=31053\">Carne Vale &#8211; Fastnacht der toten Seelen (2004) &#8211; [KURZFILM] &#8211; [UNRATED]<\/a><\/li><li><a href=\"http:\/\/fdb.fjon.de\/?p=68878\">Channel 309 [DD] (2013) &#8211; [SPECIAL SLIPCASE EDITION] &#8211; [UNRATED]<\/a><\/li><li><a href=\"http:\/\/fdb.fjon.de\/?p=64722\">Corpse-Fucking Art (1987) &#8211; [UNCUT]<\/a><\/li><li><a href=\"http:\/\/fdb.fjon.de\/?p=63629\">Creepy Campfire Stories [DD] (2014) &#8211; [UNRATED]<\/a><\/li><li><a href=\"http:\/\/fdb.fjon.de\/?p=68958\">Cryptic Plasm [DD] (2013) &#8211; [LIMITED BRIAN PAULIN SIGNIERTE EDITION] &#8211; [UNRATED]<\/a><\/li><li><a href=\"http:\/\/fdb.fjon.de\/?p=16454\">DEALERZ! (2002) &#8211; [UNCUT]<\/a><\/li><li><a href=\"http:\/\/fdb.fjon.de\/?p=48144\">Deutschland&#8217;s next Masters of Trash [DD] (1997) &#8211; [SPECIAL -GRAUSAME- EDITION] &#8211; [KURZFILME] &#8211; [UNRATED]<\/a><\/li><li><a href=\"http:\/\/fdb.fjon.de\/?p=80998\">El Gore\u00b4s Snuff Tape Anthology [DD] (2014 \/ 2015) &#8211; [SPECIAL DOUBLE DIGIPAK ENHOUSED EDITION] &#8211; [KURZFILME] &#8211; [UNRATED]<\/a><\/li><li><a href=\"http:\/\/fdb.fjon.de\/?p=47897\">Fetus [DD] (2008) &#8211; [LIMITED BRIAN PAULIN SIGNIERTE DVD-BOX EDITION] &#8211; [UNCUT]<\/a><\/li><li><a href=\"http:\/\/fdb.fjon.de\/?p=80220\">Flowers [DD] (2015) &#8211; [LIMITED MEDIABOOK EDITION] &#8211; [UNRATED]<\/a><\/li><li><a href=\"http:\/\/fdb.fjon.de\/?p=67994\">FPS: First Person Shooter (2014) &#8211; [UNCUT]<\/a><\/li><li><a href=\"http:\/\/fdb.fjon.de\/?p=30530\">Fucking Cruel Nightmare, A (2010) &#8211; [UNRATED]<\/a><\/li><li><a href=\"http:\/\/fdb.fjon.de\/?p=131941\">Fucking Cruel Nightmare, A [DD] (2010) &#8211; [UNRATED]<\/a><\/li><li><a href=\"http:\/\/fdb.fjon.de\/?p=30506\">Geheimnis der Zauberpilze, Das (2009) \u2013 [UNRATED]<\/a><\/li><li><a href=\"http:\/\/fdb.fjon.de\/?p=70560\">Gesichter des Todes IV [DD] (1990) &#8211; [SPECIAL HARTBOX EDITION] &#8211; [UNRATED]<\/a><\/li><li><a href=\"http:\/\/fdb.fjon.de\/?p=70558\">Gesichter des Todes V [DD] (1991) &#8211; [SPECIAL HARTBOX EDITION] &#8211; [UNRATED]<\/a><\/li><li><a href=\"http:\/\/fdb.fjon.de\/?p=70552\">Gesichter des Todes VI [DD] (1991) &#8211; [SPECIAL HARTBOX EDITION] &#8211; [UNRATED]<\/a><\/li><li><a href=\"http:\/\/fdb.fjon.de\/?p=81005\">Grindhouse Shortfilm Collection [DD] (2010 &#8211; 2015) &#8211; [SPECIAL DIGIPAK EDITION] &#8211; [KURZFILME] &#8211; [UNRATED]<\/a><\/li><li><a href=\"http:\/\/fdb.fjon.de\/?p=33824\">Guinea Pig 1: Devil&#8217;s Experiment (Guinea Pig: Gin\u00ee piggu &#8211; Akuma no jikken) (1985) &#8211; [UNRATED]<\/a><\/li><li><a href=\"http:\/\/fdb.fjon.de\/?p=70546\">Guinea Pig 1: Devil&#8217;s Experiment (Guinea Pig: Gin\u00ee piggu &#8211; Akuma no jikken) (1985) \u2013 [KOMPLETTBOX 6+2 TEILE] \u2013 [LIMITED MEDIABOOK EDITION] \u2013 [UNRATED]<\/a><\/li><li><a href=\"http:\/\/fdb.fjon.de\/?p=33821\">Guinea Pig 2: Flowers of Flesh and Blood (Gin\u00ee piggu 2: Chiniku no hana) (1985) &#8211; [UNRATED]<\/a><\/li><li><a href=\"http:\/\/fdb.fjon.de\/?p=70542\">Guinea Pig 2: Flowers of Flesh and Blood (Gin\u00ee piggu 2: Chiniku no hana) [BD] (1985) \u2013 [KOMPLETTBOX 6+2 TEILE] \u2013 [LIMITED MEDIABOOK EDITION] \u2013 [UNRATED]<\/a><\/li><li><a href=\"http:\/\/fdb.fjon.de\/?p=33819\">Guinea Pig 3: He Never Dies (Gin\u00ee piggu 3: Senritsu! Shinanai otoko) (1986) &#8211; [UNRATED]<\/a><\/li><li><a href=\"http:\/\/fdb.fjon.de\/?p=70538\">Guinea Pig 3: He Never Dies (Gin\u00ee piggu 3: Senritsu! Shinanai otoko) [BD] (1986) \u2013 [KOMPLETTBOX 6+2 TEILE] \u2013 [LIMITED MEDIABOOK EDITION] \u2013 [UNRATED]<\/a><\/li><li><a href=\"http:\/\/fdb.fjon.de\/?p=33817\">Guinea Pig 4: Devil Woman Doctor (Gin\u00ee piggu 4: P\u00eet\u00e2 no akuma no joi-san) (1986) &#8211; [UNCUT]<\/a><\/li><li><a href=\"http:\/\/fdb.fjon.de\/?p=70531\">Guinea Pig 4: Devil Woman Doctor (Gin\u00ee piggu 4: P\u00eet\u00e2 no akuma no joi-san) [BD] (1986) &#8211; [KOMPLETTBOX 6+2 TEILE] &#8211; [LIMITED MEDIABOOK EDITION] &#8211; [UNCUT]<\/a><\/li><li><a href=\"http:\/\/fdb.fjon.de\/?p=33815\">Guinea Pig 5: Android of Notre Dame (N\u00f4toru Damu no andoroido) (1988) &#8211; [UNRATED]<\/a><\/li><li><a href=\"http:\/\/fdb.fjon.de\/?p=70526\">Guinea Pig 5: Android of Notre Dame (N\u00f4toru Damu no andoroido) [BD] (1988) &#8211; [KOMPLETTBOX 6+2 TEILE] &#8211; [LIMITED MEDIABOOK EDITION] &#8211; [UNRATED]<\/a><\/li><li><a href=\"http:\/\/fdb.fjon.de\/?p=33813\">Guinea Pig 6: Mermaid in the Manhole ( Gin\u00ee piggu: Manh\u00f4ru no naka no ningyo) (1988) &#8211; [UNRATED]<\/a><\/li><li><a href=\"http:\/\/fdb.fjon.de\/?p=70521\">Guinea Pig 6: Mermaid in the Manhole ( Gin\u00ee piggu: Manh\u00f4ru no naka no ningyo) [BD] (1988) &#8211; [KOMPLETTBOX 6+2 TEILE] &#8211; [LIMITED MEDIABOOK EDITION] &#8211; [UNRATED]<\/a><\/li><li><a href=\"http:\/\/fdb.fjon.de\/?p=33826\">Guinea Pig 7: Lucky Sky Diamond (1989) &#8211; [UNRATED]<\/a><\/li><li><a href=\"http:\/\/fdb.fjon.de\/?p=33828\">Guinea Pig: Best Of (1994) &#8211; [UNRATED]<\/a><\/li><li><a href=\"http:\/\/fdb.fjon.de\/?p=70550\">Guinea Pig: Best Of [BD] (1994) \u2013 [KOMPLETTBOX 6+2 TEILE] \u2013 [LIMITED MEDIABOOK EDITION] \u2013 [UNRATED]<\/a><\/li><li><a href=\"http:\/\/fdb.fjon.de\/?p=15964\">Help Me I Am Dead &#8211; Die Geschichte der Anderen (2013) &#8211; [UNRATED]<\/a><\/li><li><a href=\"http:\/\/fdb.fjon.de\/?p=73529\">Hospital 2, The (2015) * C U T *<\/a><\/li><li><a href=\"http:\/\/fdb.fjon.de\/?p=25304\">Ich piss&#8216; auf deinen Kadaver (1999) &#8211; [UNCUT]<\/a><\/li><li><a href=\"http:\/\/fdb.fjon.de\/?p=131686\">Judy [BD] (2014) &#8211; [LIMITED MEDIABOOK EDITION] &#8211; [UNRATED]<\/a><\/li><li><a href=\"http:\/\/fdb.fjon.de\/?p=131667\">Judy [DD] (2014) &#8211; [LIMITED MEDIABOOK EDITION] &#8211; [UNRATED]<\/a><\/li><li><a href=\"http:\/\/fdb.fjon.de\/?p=15672\">Kadaver (2007) &#8211; [UNRATED]<\/a><\/li><li><a href=\"http:\/\/fdb.fjon.de\/?p=81016\">Kadaverficker &#8211; The Movie [DD] (2016) &#8211; [LIMITED HANDNUMBERED 500 EDITION] &#8211; [UNRATED]<\/a><\/li><li><a href=\"http:\/\/fdb.fjon.de\/?p=14432\">Klischee &#8211; M\u00f6rderisches Halloween auf Mallorca (2007) &#8211; [UNCUT]<\/a><\/li><li><a href=\"http:\/\/fdb.fjon.de\/?p=68922\">Knochenwald 2 &#8211; Fleischernte [DD] (2002) &#8211; [LIMITED TRILOGY COLLECTORS EDITION] &#8211; [UNCUT]<\/a><\/li><li><a href=\"http:\/\/fdb.fjon.de\/?p=68920\">Knochenwald 3 &#8211; Sudden Slaughter [DD] (2007) &#8211; [LIMITED TRILOGY COLLECTORS EDITION] &#8211; [UNCUT]<\/a><\/li><li><a href=\"http:\/\/fdb.fjon.de\/?p=68924\">Knochenwald [DD] (2000) &#8211; [LIMITED TRILOGY COLLECTORS EDITION] &#8211; [UNCUT]<\/a><\/li><li><a href=\"http:\/\/fdb.fjon.de\/?p=80979\">K\u00f6nig der Kannibalen, Der [DD] (2016) &#8211; [LIMITED DOUBLE DIGIPACK ENHOUSED EDITION] &#8211; [UNRATED]<\/a><\/li><li><a href=\"http:\/\/fdb.fjon.de\/?p=25660\">Live Feed &#8211; Alle zahlen den Preis (Menschenfresser) [DD] (2006) &#8211; [LIMITED RYAN NICHOLSON BOX EDITION] &#8211; [UNRATED]<\/a><\/li><li><a href=\"http:\/\/fdb.fjon.de\/?p=14632\">Live Feed &#8211; Alle zahlen den Preis (Menschenfresser) [DD] (2006) &#8211; [UNRATED]<\/a><\/li><li><a href=\"http:\/\/fdb.fjon.de\/?p=80985\">Lock the Doors &#8211; Tr\u00fcgerische Sicherheit [DD] (2016) &#8211; [LIMITED 333 DOUBLE DIGIPACK ENHOUSED EDITION] &#8211; [UNRATED]<\/a><\/li><li><a href=\"http:\/\/fdb.fjon.de\/?p=33810\">Making of Guinea Pig (1986) &#8211; [UNRATED]<\/a><\/li><li><a href=\"http:\/\/fdb.fjon.de\/?p=70512\">Making of Guinea Pig [BD] (1986) &#8211; [KOMPLETTBOX 6+2 TEILE] &#8211; [LIMITED MEDIABOOK EDITION] &#8211; [UNRATED]<\/a><\/li><li><a href=\"http:\/\/fdb.fjon.de\/?p=9421\">Necronos &#8211; Tower of Doom (2010) &#8211; [UNRATED]<\/a><\/li><li><a href=\"http:\/\/fdb.fjon.de\/?p=15969\">Necrophile Passion (2013) &#8211; [UNRATED]<\/a><\/li><li><a href=\"http:\/\/fdb.fjon.de\/?p=131722\">Necrophile Passion [DD] (2013) &#8211; [TOM HEIDENBERGER SIGNIERT] &#8211; [NL-IMPORT] &#8211; [UNRATED]<\/a><\/li><li><a href=\"http:\/\/fdb.fjon.de\/?p=40272\">Nekromantik (1987) &#8211; [UNRATED]<\/a><\/li><li><a href=\"http:\/\/fdb.fjon.de\/?p=13458\">Nekromantik 2: Die R\u00fcckkehr der liebenden Toten (1991) &#8211; [UNRTAED]<\/a><\/li><li><a href=\"http:\/\/fdb.fjon.de\/?p=68917\">No Vaseline &#8211; The Great Porn Swindle [DD] (2013) &#8211; [LIMITED MARCO MALATTIA SIGNIERTE EDITION] &#8211; [UNRATED]<\/a><\/li><li><a href=\"http:\/\/fdb.fjon.de\/?p=68902\">Ouzo, Stoff und Taschent\u00fccher [DD] (2004) &#8211; [SPECIAL HARTBOX EDITION] &#8211; [UNCUT]<\/a><\/li><li><a href=\"http:\/\/fdb.fjon.de\/?p=13674\">Petite Mort, La (2009) &#8211; [UNRATED]<\/a><\/li><li><a href=\"http:\/\/fdb.fjon.de\/?p=14813\">Petite Mort, La [BD] (2009) &#8211; [DIRECTORS CUT &#038; ORIGINAL] &#8211; [WALZ &#038; STRAUSS SIGNIERT] &#8211; [LIMITED MEDIABOOK EDITION] &#8211; [UNRATED]<\/a><\/li><li><a href=\"http:\/\/fdb.fjon.de\/?p=14818\">Petite Mort, La [DD] (2009) &#8211; [DIRECTORS CUT &#038; ORIGINAL] &#8211; [WALZ &#038; STRAUSS SIGNIERT] &#8211; [LIMITED MEDIABOOK EDITION] &#8211; [UNRATED]<\/a><\/li><li><a href=\"http:\/\/fdb.fjon.de\/?p=15619\">Plastic Surgery Massacre (Plastic) (2012) &#8211; [UNCUT]<\/a><\/li><li><a href=\"http:\/\/fdb.fjon.de\/?p=23398\">Plastic Surgery Massacre (Plastic) (2012) &#8211; [UNCUT]<\/a><\/li><li><a href=\"http:\/\/fdb.fjon.de\/?p=23283\">Popular &#8211; Wer beliebt sein will muss leiden (Maximum Violence) (2010) &#8211; [UNCUT]<\/a><\/li><li><a href=\"http:\/\/fdb.fjon.de\/?p=66517\">Pr\u00e4senz, Die (2014) &#8211; [UNCUT]<\/a><\/li><li><a href=\"http:\/\/fdb.fjon.de\/?p=14048\">Premutos &#8211; Der gefallene Engel [DD] (1997) &#8211; [SPECIAL STEELBOOK EDITION] &#8211; [UNRATED]<\/a><\/li><li><a href=\"http:\/\/fdb.fjon.de\/?p=15594\">Road Rip (2006) &#8211; [UNCUT]<\/a><\/li><li><a href=\"http:\/\/fdb.fjon.de\/?p=66515\">Robin Hood: Ghosts of Sherwood (2012) &#8211; [UNCUT]<\/a><\/li><li><a href=\"http:\/\/fdb.fjon.de\/?p=63608\">Sch\u00e4ferhund S\u00fc\u00df-Sauer [DD] (2013) &#8211; [KURZFILM] &#8211; [UNRATED]<\/a><\/li><li><a href=\"http:\/\/fdb.fjon.de\/?p=11016\">Schlaraffenhaus (Candy House) (2011) &#8211; [UNRATED]<\/a><\/li><li><a href=\"http:\/\/fdb.fjon.de\/?p=18955\">Schlaraffenhaus (Candy House) [BD] (2011) &#8211; [LIMITED MARCEL WALZ SIGNIERTE MEDIABOOK EDITION] &#8211; [UNRATED]<\/a><\/li><li><a href=\"http:\/\/fdb.fjon.de\/?p=18958\">Schlaraffenhaus (Candy House) [DD] (2011) &#8211; [LIMITED MARCEL WALZ SIGNIERTE MEDIABOOK EDITION] &#8211; [UNRATED]<\/a><\/li><li><a href=\"http:\/\/fdb.fjon.de\/?p=11842\">Schramm (1993) &#8211; [UNCUT]<\/a><\/li><li><a href=\"http:\/\/fdb.fjon.de\/?p=131960\">Silence we&#8217;re shooting (Silence, ca tue!) [DD] (2009) &#8211; [SPECIAL DOUBLE FEATURE EDITION MIT VACUUM KILLER] &#8211; [UNRATED]<\/a><\/li><li><a href=\"http:\/\/fdb.fjon.de\/?p=17761\">Sin Reaper &#8211; Stirb f\u00fcr deine S\u00fcnden (2012) &#8211; [UNCUT]<\/a><\/li><li><a href=\"http:\/\/fdb.fjon.de\/?p=64212\">Todesking, Der (1989) &#8211; [UNRATED]<\/a><\/li><li><a href=\"http:\/\/fdb.fjon.de\/?p=15603\">Tortura (2007) &#8211; [UNRATED]<\/a><\/li><li><a href=\"http:\/\/fdb.fjon.de\/?p=27999\">Tortura [BD] (2007) &#8211; [ORIGINAL MARCEL WALZ SPECIAL GOLD GESCHENK EDITION] &#8211; [UNRATED]<\/a><\/li><li><a href=\"http:\/\/fdb.fjon.de\/?p=15664\">Tortura [DD] (2007) &#8211; [LIMITED EDITION] &#8211; [UNRATED]<\/a><\/li><li><a href=\"http:\/\/fdb.fjon.de\/?p=11352\">Tuberkulose [DD] (2007) &#8211; [UNRATED]<\/a><\/li><li><a href=\"http:\/\/fdb.fjon.de\/?p=82914\">Unholy Ground [DD] (2016) &#8211; [LIMITED EDITION] &#8211; [UNRATED]<\/a><\/li><li><a href=\"http:\/\/fdb.fjon.de\/?p=4431\">Unrated 2 &#8211; Scary as hell (2012)<\/a><\/li><li><a href=\"http:\/\/fdb.fjon.de\/?p=9452\">Unrated: The Movie (2009) &#8211; [UNCUT]<\/a><\/li><li><a href=\"http:\/\/fdb.fjon.de\/?p=131938\">Vacuum Killer [DD] (2006) &#8211; [SPECIAL DOUBLE FEATURE EDITION MIT SILENCE WE&#8217;RE SHOOTING] &#8211; [UNRATED]<\/a><\/li><li><a href=\"http:\/\/fdb.fjon.de\/?p=29481\">Violent Shit (1989) &#8211; [UNRATED]<\/a><\/li><li><a href=\"http:\/\/fdb.fjon.de\/?p=11518\">Violent Shit 4.0 &#8211; Karl the Butcher vs. Axe (Timo Rose&#8217;s Game Over) (2010) &#8211; [UNRATED]<\/a><\/li><li><a href=\"http:\/\/fdb.fjon.de\/?p=68870\">Violent Shit 4.0 &#8211; Karl the Butcher vs. Axe (Timo Rose&#8217;s Game Over) [DD] (2010) &#8211; [LIMITED EDITION] &#8211; [UNRATED]<\/a><\/li><li><a href=\"http:\/\/fdb.fjon.de\/?p=12796\">Vomit Gore Trilogy I &#8211; Slaughtered Vomit Dolls (2005) &#8211; [UNRATED]<\/a><\/li><li><a href=\"http:\/\/fdb.fjon.de\/?p=12791\">Vomit Gore Trilogy II &#8211; ReGOREgitated Sacrifice (2007) &#8211; [UNRATED]<\/a><\/li><li><a href=\"http:\/\/fdb.fjon.de\/?p=12801\">Vomit Gore Trilogy III &#8211; Slow Torture Puke Chamber! (2010) &#8211; [UNRATED]<\/a><\/li><li><a href=\"http:\/\/fdb.fjon.de\/?p=13539\">Zombie &#8217;90: Extreme Pestilence (1990) &#8211; [US-TON] &#8211; [UNRTAED]<\/a><\/li><\/ul><\/span><\/strong><\/p>\n<hr style=\"height: 3px; width: 100%; background-color: #eb4747;\" \/>\n","protected":false},"excerpt":{"rendered":"<p>&nbsp;<\/p>\n","protected":false},"author":1,"featured_media":0,"parent":44243,"menu_order":0,"comment_status":"closed","ping_status":"closed","template":"","meta":{"footnotes":""},"_links":{"self":[{"href":"http:\/\/fdb.fjon.de\/index.php?rest_route=\/wp\/v2\/pages\/46224"}],"collection":[{"href":"http:\/\/fdb.fjon.de\/index.php?rest_route=\/wp\/v2\/pages"}],"about":[{"href":"http:\/\/fdb.fjon.de\/index.php?rest_route=\/wp\/v2\/types\/page"}],"author":[{"embeddable":true,"href":"http:\/\/fdb.fjon.de\/index.php?rest_route=\/wp\/v2\/users\/1"}],"replies":[{"embeddable":true,"href":"http:\/\/fdb.fjon.de\/index.php?rest_route=%2Fwp%2Fv2%2Fcomments&post=46224"}],"version-history":[{"count":0,"href":"http:\/\/fdb.fjon.de\/index.php?rest_route=\/wp\/v2\/pages\/46224\/revisions"}],"up":[{"embeddable":true,"href":"http:\/\/fdb.fjon.de\/index.php?rest_route=\/wp\/v2\/pages\/44243"}],"wp:attachment":[{"href":"http:\/\/fdb.fjon.de\/index.php?rest_route=%2Fwp%2Fv2%2Fmedia&parent=46224"}],"curies":[{"name":"wp","href":"https:\/\/api.w.org\/{rel}","templated":true}]}}